{"id":219,"date":"2023-05-06T12:15:25","date_gmt":"2023-05-06T15:15:25","guid":{"rendered":"http:\/\/medassist.med.br\/?page_id=219"},"modified":"2023-07-10T17:33:48","modified_gmt":"2023-07-10T20:33:48","slug":"nossos-clientes","status":"publish","type":"page","link":"https:\/\/medassist.med.br\/index.php\/nossos-clientes\/","title":{"rendered":"Nossos clientes"},"content":{"rendered":"\t\t<div data-elementor-type=\"wp-page\" data-elementor-id=\"219\" class=\"elementor elementor-219\" data-elementor-post-type=\"page\">\n\t\t\t\t\t\t<section class=\"elementor-section elementor-top-section elementor-element elementor-element-c23629c elementor-section-boxed elementor-section-height-default elementor-section-height-default\" data-id=\"c23629c\" data-element_type=\"section\" data-e-type=\"section\" data-settings=\"{&quot;background_background&quot;:&quot;gradient&quot;}\">\n\t\t\t\t\t\t<div class=\"elementor-container elementor-column-gap-default\">\n\t\t\t\t\t<div class=\"elementor-column elementor-col-50 elementor-top-column elementor-element elementor-element-6c3034e\" data-id=\"6c3034e\" data-element_type=\"column\" data-e-type=\"column\">\n\t\t\t<div class=\"elementor-widget-wrap elementor-element-populated\">\n\t\t\t\t\t\t<div class=\"elementor-element elementor-element-ca0a0cc elementor-hidden-desktop elementor-hidden-tablet elementor-widget elementor-widget-image\" data-id=\"ca0a0cc\" data-element_type=\"widget\" data-e-type=\"widget\" data-widget_type=\"image.default\">\n\t\t\t\t<div class=\"elementor-widget-container\">\n\t\t\t\t\t\t\t\t\t\t\t\t\t\t\t<img fetchpriority=\"high\" decoding=\"async\" width=\"674\" height=\"414\" src=\"https:\/\/medassist.med.br\/wp-content\/uploads\/2023\/05\/simbolo2_Prancheta-1-1.png\" class=\"attachment-large size-large wp-image-41\" alt=\"\" srcset=\"https:\/\/medassist.med.br\/wp-content\/uploads\/2023\/05\/simbolo2_Prancheta-1-1.png 674w, https:\/\/medassist.med.br\/wp-content\/uploads\/2023\/05\/simbolo2_Prancheta-1-1-300x184.png 300w\" sizes=\"(max-width: 674px) 100vw, 674px\" \/>\t\t\t\t\t\t\t\t\t\t\t\t\t\t\t<\/div>\n\t\t\t\t<\/div>\n\t\t\t\t<div class=\"elementor-element elementor-element-80af5a4 elementor-widget elementor-widget-text-editor\" data-id=\"80af5a4\" data-element_type=\"widget\" data-e-type=\"widget\" data-widget_type=\"text-editor.default\">\n\t\t\t\t<div class=\"elementor-widget-container\">\n\t\t\t\t\t\t\t\t\tNossos\n<span style=\"font-weight: bold;\">Clientes<\/span>\t\t\t\t\t\t\t\t<\/div>\n\t\t\t\t<\/div>\n\t\t\t\t\t<\/div>\n\t\t<\/div>\n\t\t\t\t<div class=\"elementor-column elementor-col-50 elementor-top-column elementor-element elementor-element-3c0fd2e\" data-id=\"3c0fd2e\" data-element_type=\"column\" data-e-type=\"column\">\n\t\t\t<div class=\"elementor-widget-wrap elementor-element-populated\">\n\t\t\t\t\t\t<div class=\"elementor-element elementor-element-22af833 elementor-hidden-mobile elementor-widget elementor-widget-image\" data-id=\"22af833\" data-element_type=\"widget\" data-e-type=\"widget\" data-widget_type=\"image.default\">\n\t\t\t\t<div class=\"elementor-widget-container\">\n\t\t\t\t\t\t\t\t\t\t\t\t\t\t\t<img fetchpriority=\"high\" decoding=\"async\" width=\"674\" height=\"414\" src=\"https:\/\/medassist.med.br\/wp-content\/uploads\/2023\/05\/simbolo2_Prancheta-1-1.png\" class=\"attachment-large size-large wp-image-41\" alt=\"\" srcset=\"https:\/\/medassist.med.br\/wp-content\/uploads\/2023\/05\/simbolo2_Prancheta-1-1.png 674w, https:\/\/medassist.med.br\/wp-content\/uploads\/2023\/05\/simbolo2_Prancheta-1-1-300x184.png 300w\" sizes=\"(max-width: 674px) 100vw, 674px\" \/>\t\t\t\t\t\t\t\t\t\t\t\t\t\t\t<\/div>\n\t\t\t\t<\/div>\n\t\t\t\t\t<\/div>\n\t\t<\/div>\n\t\t\t\t\t<\/div>\n\t\t<\/section>\n\t\t\t\t<section class=\"elementor-section elementor-top-section elementor-element elementor-element-40903e2 elementor-section-boxed elementor-section-height-default elementor-section-height-default\" data-id=\"40903e2\" data-element_type=\"section\" data-e-type=\"section\" data-settings=\"{&quot;background_background&quot;:&quot;classic&quot;}\">\n\t\t\t\t\t\t<div class=\"elementor-container elementor-column-gap-default\">\n\t\t\t\t\t<div class=\"elementor-column elementor-col-50 elementor-top-column elementor-element elementor-element-ab8d7df\" data-id=\"ab8d7df\" data-element_type=\"column\" data-e-type=\"column\">\n\t\t\t<div class=\"elementor-widget-wrap elementor-element-populated\">\n\t\t\t\t\t\t<div class=\"elementor-element elementor-element-2f0de41 elementor-widget-mobile__width-initial elementor-absolute elementor-widget elementor-widget-text-editor\" data-id=\"2f0de41\" data-element_type=\"widget\" data-e-type=\"widget\" data-settings=\"{&quot;_position&quot;:&quot;absolute&quot;}\" data-widget_type=\"text-editor.default\">\n\t\t\t\t<div class=\"elementor-widget-container\">\n\t\t\t\t\t\t\t\t\t<span style=\"background: linear-gradient(90deg, #464EFC -58.82%, #00D2D5 92.78%); -webkit-background-clip: text; -webkit-text-fill-color: transparent; background-clip: text; text-fill-color: transparent; font-weight: 800;\">ONDE\n<\/span>\n\n<br><br><br><br><br>\nAtuamos\t\t\t\t\t\t\t\t<\/div>\n\t\t\t\t<\/div>\n\t\t\t\t<div class=\"elementor-element elementor-element-551251a elementor-widget-mobile__width-initial elementor-widget elementor-widget-image\" data-id=\"551251a\" data-element_type=\"widget\" data-e-type=\"widget\" data-widget_type=\"image.default\">\n\t\t\t\t<div class=\"elementor-widget-container\">\n\t\t\t\t\t\t\t\t\t\t\t\t\t\t\t<img decoding=\"async\" width=\"419\" height=\"430\" src=\"https:\/\/medassist.med.br\/wp-content\/uploads\/2023\/05\/mapa-brasil-01-1.png\" class=\"attachment-large size-large wp-image-24\" alt=\"\" srcset=\"https:\/\/medassist.med.br\/wp-content\/uploads\/2023\/05\/mapa-brasil-01-1.png 419w, https:\/\/medassist.med.br\/wp-content\/uploads\/2023\/05\/mapa-brasil-01-1-292x300.png 292w\" sizes=\"(max-width: 419px) 100vw, 419px\" \/>\t\t\t\t\t\t\t\t\t\t\t\t\t\t\t<\/div>\n\t\t\t\t<\/div>\n\t\t\t\t\t<\/div>\n\t\t<\/div>\n\t\t\t\t<div class=\"elementor-column elementor-col-50 elementor-top-column elementor-element elementor-element-8bc7e89\" data-id=\"8bc7e89\" data-element_type=\"column\" data-e-type=\"column\">\n\t\t\t<div class=\"elementor-widget-wrap elementor-element-populated\">\n\t\t\t\t\t\t<section class=\"elementor-section elementor-inner-section elementor-element elementor-element-45fe182 elementor-section-boxed elementor-section-height-default elementor-section-height-default\" data-id=\"45fe182\" data-element_type=\"section\" data-e-type=\"section\">\n\t\t\t\t\t\t<div class=\"elementor-container elementor-column-gap-default\">\n\t\t\t\t\t<div class=\"elementor-column elementor-col-50 elementor-inner-column elementor-element elementor-element-79a38be\" data-id=\"79a38be\" data-element_type=\"column\" data-e-type=\"column\">\n\t\t\t<div class=\"elementor-widget-wrap elementor-element-populated\">\n\t\t\t\t\t\t<div class=\"elementor-element elementor-element-fc1baed elementor-widget elementor-widget-image\" data-id=\"fc1baed\" data-element_type=\"widget\" data-e-type=\"widget\" data-widget_type=\"image.default\">\n\t\t\t\t<div class=\"elementor-widget-container\">\n\t\t\t\t\t\t\t\t\t\t\t\t\t\t\t<img decoding=\"async\" width=\"145\" height=\"165\" src=\"https:\/\/medassist.med.br\/wp-content\/uploads\/2023\/05\/matogrosso.png\" class=\"attachment-large size-large wp-image-222\" alt=\"\" \/>\t\t\t\t\t\t\t\t\t\t\t\t\t\t\t<\/div>\n\t\t\t\t<\/div>\n\t\t\t\t\t<\/div>\n\t\t<\/div>\n\t\t\t\t<div class=\"elementor-column elementor-col-50 elementor-inner-column elementor-element elementor-element-e9bee1c\" data-id=\"e9bee1c\" data-element_type=\"column\" data-e-type=\"column\">\n\t\t\t<div class=\"elementor-widget-wrap elementor-element-populated\">\n\t\t\t\t\t\t<div class=\"elementor-element elementor-element-856089b elementor-widget elementor-widget-text-editor\" data-id=\"856089b\" data-element_type=\"widget\" data-e-type=\"widget\" data-widget_type=\"text-editor.default\">\n\t\t\t\t<div class=\"elementor-widget-container\">\n\t\t\t\t\t\t\t\t\t<ul><li>SECRETARIA MUNICIPAL DE PARANA\u00cdTA<\/li><\/ul>\t\t\t\t\t\t\t\t<\/div>\n\t\t\t\t<\/div>\n\t\t\t\t\t<\/div>\n\t\t<\/div>\n\t\t\t\t\t<\/div>\n\t\t<\/section>\n\t\t\t\t<section class=\"elementor-section elementor-inner-section elementor-element elementor-element-3c8c2b6 elementor-section-boxed elementor-section-height-default elementor-section-height-default\" data-id=\"3c8c2b6\" data-element_type=\"section\" data-e-type=\"section\">\n\t\t\t\t\t\t<div class=\"elementor-container elementor-column-gap-default\">\n\t\t\t\t\t<div class=\"elementor-column elementor-col-50 elementor-inner-column elementor-element elementor-element-a794f1a\" data-id=\"a794f1a\" data-element_type=\"column\" data-e-type=\"column\">\n\t\t\t<div class=\"elementor-widget-wrap elementor-element-populated\">\n\t\t\t\t\t\t<div class=\"elementor-element elementor-element-1137de6 elementor-widget elementor-widget-image\" data-id=\"1137de6\" data-element_type=\"widget\" data-e-type=\"widget\" data-widget_type=\"image.default\">\n\t\t\t\t<div class=\"elementor-widget-container\">\n\t\t\t\t\t\t\t\t\t\t\t\t\t\t\t<img loading=\"lazy\" decoding=\"async\" width=\"181\" height=\"164\" src=\"https:\/\/medassist.med.br\/wp-content\/uploads\/2023\/05\/pernambuco.png\" class=\"attachment-large size-large wp-image-223\" alt=\"\" \/>\t\t\t\t\t\t\t\t\t\t\t\t\t\t\t<\/div>\n\t\t\t\t<\/div>\n\t\t\t\t\t<\/div>\n\t\t<\/div>\n\t\t\t\t<div class=\"elementor-column elementor-col-50 elementor-inner-column elementor-element elementor-element-761cf94\" data-id=\"761cf94\" data-element_type=\"column\" data-e-type=\"column\">\n\t\t\t<div class=\"elementor-widget-wrap elementor-element-populated\">\n\t\t\t\t\t\t<div class=\"elementor-element elementor-element-23d3155 elementor-widget elementor-widget-text-editor\" data-id=\"23d3155\" data-element_type=\"widget\" data-e-type=\"widget\" data-widget_type=\"text-editor.default\">\n\t\t\t\t<div class=\"elementor-widget-container\">\n\t\t\t\t\t\t\t\t\t<ul><li>HOSPITAL S\u00c3O LUIZ &#8211; Fernando de Noronha<\/li><\/ul>\t\t\t\t\t\t\t\t<\/div>\n\t\t\t\t<\/div>\n\t\t\t\t\t<\/div>\n\t\t<\/div>\n\t\t\t\t\t<\/div>\n\t\t<\/section>\n\t\t\t\t<section class=\"elementor-section elementor-inner-section elementor-element elementor-element-5ace5c7 elementor-section-boxed elementor-section-height-default elementor-section-height-default\" data-id=\"5ace5c7\" data-element_type=\"section\" data-e-type=\"section\">\n\t\t\t\t\t\t<div class=\"elementor-container elementor-column-gap-default\">\n\t\t\t\t\t<div class=\"elementor-column elementor-col-50 elementor-inner-column elementor-element elementor-element-2c923f2\" data-id=\"2c923f2\" data-element_type=\"column\" data-e-type=\"column\">\n\t\t\t<div class=\"elementor-widget-wrap elementor-element-populated\">\n\t\t\t\t\t\t<div class=\"elementor-element elementor-element-5dcdda9 elementor-widget elementor-widget-image\" data-id=\"5dcdda9\" data-element_type=\"widget\" data-e-type=\"widget\" data-widget_type=\"image.default\">\n\t\t\t\t<div class=\"elementor-widget-container\">\n\t\t\t\t\t\t\t\t\t\t\t\t\t\t\t<img loading=\"lazy\" decoding=\"async\" width=\"147\" height=\"165\" src=\"https:\/\/medassist.med.br\/wp-content\/uploads\/2023\/05\/es.png\" class=\"attachment-large size-large wp-image-225\" alt=\"\" \/>\t\t\t\t\t\t\t\t\t\t\t\t\t\t\t<\/div>\n\t\t\t\t<\/div>\n\t\t\t\t\t<\/div>\n\t\t<\/div>\n\t\t\t\t<div class=\"elementor-column elementor-col-50 elementor-inner-column elementor-element elementor-element-9bf5172\" data-id=\"9bf5172\" data-element_type=\"column\" data-e-type=\"column\">\n\t\t\t<div class=\"elementor-widget-wrap elementor-element-populated\">\n\t\t\t\t\t\t<div class=\"elementor-element elementor-element-834e2ac elementor-widget__width-initial elementor-widget elementor-widget-text-editor\" data-id=\"834e2ac\" data-element_type=\"widget\" data-e-type=\"widget\" data-widget_type=\"text-editor.default\">\n\t\t\t\t<div class=\"elementor-widget-container\">\n\t\t\t\t\t\t\t\t\t<ul>\n \t<li>PREFEITURA MUNICIPAL DE LARANJA DA TERRA<\/li>\n \t<li>PREFEITURA MUNICIPAL DE ANCHIETA<\/li>\n \t<li>PREFEITURA MUNICIPAL DE IRUPI<\/li>\n \t<li>HOSPITAL MATERNIDADE SAGRADO CORA\u00c7\u00c3O DE MARIA &#8211; Jo\u00e3o Neiva<\/li>\n \t<li>CONSORCIO MUNICIPAL DE SA\u00daDE PEDRA AZUL<\/li>\n \t<li>CONSORCIO MUNICIPAL DE SA\u00daDE NOROESTE<\/li>\n \t<li>CONSORCIO MUNICIPAL DE SA\u00daDE SUL<\/li>\n \t<li>CONSORCIO MUNICIPAL DE SA\u00daDE EXPANDIDA SUL<\/li>\n<\/ul>\t\t\t\t\t\t\t\t<\/div>\n\t\t\t\t<\/div>\n\t\t\t\t\t<\/div>\n\t\t<\/div>\n\t\t\t\t\t<\/div>\n\t\t<\/section>\n\t\t\t\t\t<\/div>\n\t\t<\/div>\n\t\t\t\t\t<\/div>\n\t\t<\/section>\n\t\t\t\t<\/div>\n\t\t","protected":false},"excerpt":{"rendered":"<p>Nossos Clientes ONDE Atuamos SECRETARIA MUNICIPAL DE PARANA\u00cdTA HOSPITAL S\u00c3O LUIZ &#8211; Fernando de Noronha PREFEITURA MUNICIPAL DE LARANJA DA TERRA PREFEITURA MUNICIPAL DE ANCHIETA PREFEITURA MUNICIPAL DE IRUPI HOSPITAL MATERNIDADE SAGRADO CORA\u00c7\u00c3O DE MARIA &#8211; Jo\u00e3o Neiva CONSORCIO MUNICIPAL DE SA\u00daDE PEDRA AZUL CONSORCIO MUNICIPAL DE SA\u00daDE NOROESTE CONSORCIO MUNICIPAL DE SA\u00daDE SUL CONSORCIO [&hellip;]<\/p>\n","protected":false},"author":1,"featured_media":0,"parent":0,"menu_order":0,"comment_status":"closed","ping_status":"closed","template":"elementor_canvas","meta":{"_eb_attr":"","footnotes":""},"class_list":["post-219","page","type-page","status-publish","hentry"],"_links":{"self":[{"href":"https:\/\/medassist.med.br\/index.php\/wp-json\/wp\/v2\/pages\/219","targetHints":{"allow":["GET"]}}],"collection":[{"href":"https:\/\/medassist.med.br\/index.php\/wp-json\/wp\/v2\/pages"}],"about":[{"href":"https:\/\/medassist.med.br\/index.php\/wp-json\/wp\/v2\/types\/page"}],"author":[{"embeddable":true,"href":"https:\/\/medassist.med.br\/index.php\/wp-json\/wp\/v2\/users\/1"}],"replies":[{"embeddable":true,"href":"https:\/\/medassist.med.br\/index.php\/wp-json\/wp\/v2\/comments?post=219"}],"version-history":[{"count":0,"href":"https:\/\/medassist.med.br\/index.php\/wp-json\/wp\/v2\/pages\/219\/revisions"}],"wp:attachment":[{"href":"https:\/\/medassist.med.br\/index.php\/wp-json\/wp\/v2\/media?parent=219"}],"curies":[{"name":"wp","href":"https:\/\/api.w.org\/{rel}","templated":true}]}}